{"id":253,"date":"2021-04-21T10:55:18","date_gmt":"2021-04-21T08:55:18","guid":{"rendered":"https:\/\/www.kosmetikstudio-christin-piasecky.de\/?page_id=253"},"modified":"2024-06-20T11:27:29","modified_gmt":"2024-06-20T09:27:29","slug":"vita","status":"publish","type":"page","link":"https:\/\/www.kosmetikstudio-christin-piasecky.de\/index.php\/vita\/","title":{"rendered":"VITA"},"content":{"rendered":"\n<p><\/p>\n\n\n\n<h2 class=\"wp-block-heading has-text-align-center\"><span style=\"color:#697e65\" class=\"has-inline-color\">Ich m\u00f6chte mich bei Euch vorstellen.<\/span><\/h2>\n\n\n\n<div class=\"wp-block-media-text alignwide has-media-on-the-right is-stacked-on-mobile\"><div class=\"wp-block-media-text__content\">\n<h4 class=\"wp-block-heading has-text-align-right\"><span style=\"color:#697e65\" class=\"has-inline-color\"> Mein Name ist Christin Piasecky, ich bin 1984 in Stade geboren und staatlich gepr\u00fcfte Kosmetikerin und Fu\u00dfpflegerin. <\/span><\/h4>\n<\/div><figure class=\"wp-block-media-text__media\"><img loading=\"lazy\" decoding=\"async\" width=\"1024\" height=\"686\" src=\"https:\/\/www.kosmetikstudio-christin-piasecky.de\/wp-content\/uploads\/2021\/04\/img_0714.jpg\" alt=\"\" class=\"wp-image-141 size-full\" srcset=\"https:\/\/www.kosmetikstudio-christin-piasecky.de\/wp-content\/uploads\/2021\/04\/img_0714.jpg 1024w, https:\/\/www.kosmetikstudio-christin-piasecky.de\/wp-content\/uploads\/2021\/04\/img_0714-300x201.jpg 300w, https:\/\/www.kosmetikstudio-christin-piasecky.de\/wp-content\/uploads\/2021\/04\/img_0714-768x515.jpg 768w\" sizes=\"auto, (max-width: 1024px) 100vw, 1024px\" \/><\/figure><\/div>\n\n\n\n<h6 class=\"wp-block-heading\">Nach dem erweiterten Realschulabschluss besuchte ich 2001\u20132003 die Kosmetikfachschule in Stade und er\u00f6ffnete im Alter von 18 Jahren mein eigenes Kosmetikstudio. Durch stetige pers\u00f6nliche Weiterentwicklung und Seminare meiner Partnerfirma Hildegard Braukmann wachse ich an meinen Aufgaben Tag f\u00fcr Tag. Bis heute sehe ich es als Berufung, meine Kunden mit Herz und Verstand zu verw\u00f6hnen und ein hauttypgerechtes Pflegekonzept zu erstellen. Jahrelange Berufserfahrung und das richtige Fingerspitzengef\u00fchl erm\u00f6glicht mir Kundenbed\u00fcrfnisse zu erf\u00fcllen und auch immer ein offenes Ohr zu haben.Bei mir steht der Kunde im Mittelpunkt mit all seinen Facetten, von jung bis alt, Mann wie Frau. Ich berate und behandle Dich in Sch\u00f6nheits- und Gesundheitsfragen. <\/h6>\n\n\n\n<figure class=\"wp-block-gallery has-nested-images columns-default is-cropped wp-block-gallery-1 is-layout-flex wp-block-gallery-is-layout-flex\">\n<figure class=\"wp-block-image size-large\"><img loading=\"lazy\" decoding=\"async\" width=\"1024\" height=\"672\" data-id=\"136\" src=\"https:\/\/www.kosmetikstudio-christin-piasecky.de\/wp-content\/uploads\/2021\/04\/img_0707.jpg\" alt=\"\" class=\"wp-image-136\" srcset=\"https:\/\/www.kosmetikstudio-christin-piasecky.de\/wp-content\/uploads\/2021\/04\/img_0707.jpg 1024w, https:\/\/www.kosmetikstudio-christin-piasecky.de\/wp-content\/uploads\/2021\/04\/img_0707-300x197.jpg 300w, https:\/\/www.kosmetikstudio-christin-piasecky.de\/wp-content\/uploads\/2021\/04\/img_0707-768x504.jpg 768w\" sizes=\"auto, (max-width: 1024px) 100vw, 1024px\" \/><\/figure>\n\n\n\n<figure class=\"wp-block-image size-large\"><img loading=\"lazy\" decoding=\"async\" width=\"1024\" height=\"687\" data-id=\"296\" src=\"https:\/\/www.kosmetikstudio-christin-piasecky.de\/wp-content\/uploads\/2021\/04\/01_IMG_0726-1024x687.jpg\" alt=\"\" class=\"wp-image-296\" srcset=\"https:\/\/www.kosmetikstudio-christin-piasecky.de\/wp-content\/uploads\/2021\/04\/01_IMG_0726-1024x687.jpg 1024w, https:\/\/www.kosmetikstudio-christin-piasecky.de\/wp-content\/uploads\/2021\/04\/01_IMG_0726-300x201.jpg 300w, https:\/\/www.kosmetikstudio-christin-piasecky.de\/wp-content\/uploads\/2021\/04\/01_IMG_0726-768x516.jpg 768w, https:\/\/www.kosmetikstudio-christin-piasecky.de\/wp-content\/uploads\/2021\/04\/01_IMG_0726-1080x725.jpg 1080w, https:\/\/www.kosmetikstudio-christin-piasecky.de\/wp-content\/uploads\/2021\/04\/01_IMG_0726.jpg 1536w\" sizes=\"auto, (max-width: 1024px) 100vw, 1024px\" \/><\/figure>\n<\/figure>\n\n\n\n<h6 class=\"wp-block-heading\">Mein Aufgabenfeld beinhaltet: Ankommen, F\u00fchlen, Loslassen. Bei mir im Studio bist nur Du wichtig und es geht nur um Deine Hautbed\u00fcrfnisse. Zusammen erstellen wir f\u00fcr Dich das passende Behandlungs- und Heimpflegekonzept mit hochwertiger Kr\u00e4uterkosmetik von Hidegard Braukmann. Ich k\u00fcmmere mich sorgf\u00e4ltig um die Pflege und Gesunderhaltung Deiner Haut, entferne Hautunreinheiten, st\u00f6rende Gesichtshaare oder andere Hautanomalien nach Bedarf mit dem Solfie Clean Skin Ger\u00e4t. Die kosmetische Gesichtsmassage in wohliger Chillout-Atmosph\u00e4re rundet das Sorglosprogramm f\u00fcr Dich energiespendend ab.<\/h6>\n\n\n\n<hr class=\"wp-block-separator has-css-opacity\"\/>\n","protected":false},"excerpt":{"rendered":"<p>Ich m\u00f6chte mich bei Euch vorstellen. Mein Name ist Christin Piasecky, ich bin 1984 in Stade geboren und staatlich gepr\u00fcfte Kosmetikerin und Fu\u00dfpflegerin. Nach dem erweiterten Realschulabschluss besuchte ich 2001\u20132003 die Kosmetikfachschule in Stade und er\u00f6ffnete im Alter von 18 Jahren mein eigenes Kosmetikstudio. Durch stetige pers\u00f6nliche Weiterentwicklung und Seminare meiner Partnerfirma Hildegard Braukmann wachse ich an meinen Aufgaben Tag f\u00fcr Tag. Bis heute sehe ich es als Berufung, meine Kunden mit Herz und Verstand zu verw\u00f6hnen und ein hauttypgerechtes Pflegekonzept zu erstellen. Jahrelange Berufserfahrung und das richtige Fingerspitzengef\u00fchl erm\u00f6glicht mir Kundenbed\u00fcrfnisse zu erf\u00fcllen und auch immer ein offenes Ohr zu haben.Bei mir steht der Kunde im Mittelpunkt mit all seinen Facetten, von jung bis alt, Mann wie Frau. Ich berate und behandle Dich in Sch\u00f6nheits- und Gesundheitsfragen. Mein Aufgabenfeld beinhaltet: Ankommen, F\u00fchlen, Loslassen. Bei mir im Studio bist nur Du wichtig und es geht nur um Deine Hautbed\u00fcrfnisse. Zusammen erstellen wir f\u00fcr Dich das passende Behandlungs- und Heimpflegekonzept mit hochwertiger Kr\u00e4uterkosmetik von Hidegard Braukmann. Ich k\u00fcmmere mich sorgf\u00e4ltig um die Pflege und Gesunderhaltung Deiner Haut, entferne Hautunreinheiten, st\u00f6rende Gesichtshaare oder andere Hautanomalien nach Bedarf mit dem Solfie Clean Skin Ger\u00e4t. Die kosmetische Gesichtsmassage in wohliger Chillout-Atmosph\u00e4re rundet das Sorglosprogramm [&hellip;]<\/p>\n","protected":false},"author":1,"featured_media":0,"parent":0,"menu_order":0,"comment_status":"closed","ping_status":"closed","template":"","meta":{"footnotes":""},"class_list":["post-253","page","type-page","status-publish","hentry"],"_links":{"self":[{"href":"https:\/\/www.kosmetikstudio-christin-piasecky.de\/index.php\/wp-json\/wp\/v2\/pages\/253","targetHints":{"allow":["GET"]}}],"collection":[{"href":"https:\/\/www.kosmetikstudio-christin-piasecky.de\/index.php\/wp-json\/wp\/v2\/pages"}],"about":[{"href":"https:\/\/www.kosmetikstudio-christin-piasecky.de\/index.php\/wp-json\/wp\/v2\/types\/page"}],"author":[{"embeddable":true,"href":"https:\/\/www.kosmetikstudio-christin-piasecky.de\/index.php\/wp-json\/wp\/v2\/users\/1"}],"replies":[{"embeddable":true,"href":"https:\/\/www.kosmetikstudio-christin-piasecky.de\/index.php\/wp-json\/wp\/v2\/comments?post=253"}],"version-history":[{"count":16,"href":"https:\/\/www.kosmetikstudio-christin-piasecky.de\/index.php\/wp-json\/wp\/v2\/pages\/253\/revisions"}],"predecessor-version":[{"id":388,"href":"https:\/\/www.kosmetikstudio-christin-piasecky.de\/index.php\/wp-json\/wp\/v2\/pages\/253\/revisions\/388"}],"wp:attachment":[{"href":"https:\/\/www.kosmetikstudio-christin-piasecky.de\/index.php\/wp-json\/wp\/v2\/media?parent=253"}],"curies":[{"name":"wp","href":"https:\/\/api.w.org\/{rel}","templated":true}]}}